ed by x.
6
What is the remainder when 8 is divided by -3*(-3 - -4)/(-1)?
2
Suppose z = 0, -3*g + 3*z + 11 + 19 = 0. Calculate the remainder when 17 is divided by g.
7
Let a be 3/(-4)*(8 + -4). Let r be (-17)/a + 6/(-9). Suppose -f = -1, r*t - t - 89 = -f. Calculate the remainder when t is divided by 8.
6
Suppose 0 = 5*x - 42 + 2. Suppose -25 = -5*f, f = -h + 14 + 6. Calculate the remainder when h is divided by x.
7
Let w = -84 + 118. Calculate the remainder when w is divided by 19.
15
Let k(l) = l**2 + 4*l + 3. Suppose -7*a = -2*a + 40. Calculate the remainder when k(a) is divided by 12.
11
Suppose -f - 4*f + 3*n = -32, 0 = -n + 1. Suppose -3*z = 3*q, 2*q + 15 = 2*z + q. Calculate the remainder when f is divided by z.
2
Suppose -10 = -2*s, -3*w + 4*w + 13 = 3*s. What is the remainder when 4 is divided by w?
0
Let z = 13 - 9. Let p = 4 - 2. Suppose 2*y = -5*a + 2*a + 6, 3*a + 6 = p*y. Calculate the remainder when z is divided by y.
1
Suppose 3*j - 16 = 329. What is the remainder when j is divided by 29?
28
Suppose -w = -2*i + 7 + 20, -3*i + 2*w + 39 = 0. Let c = 27 + -19. Calculate the remainder when i is divided by c.
7
Let h = -37 + 41. What is the remainder when 23 is divided by h?
3
Suppose -2*x = t - 5, 4*x - t - 31 = 4*t. Let p = 10 - x. Suppose 3*h - 4*z = 14, 8*z - 3*z = -h + 30. What is the remainder when h is divided by p?
4
Suppose -5*b - 6*b = -462. Let d(j) = j**2 - 4*j + 2. Let w be d(5). Let p = w + 15. Calculate the remainder when b is divided by p.
20
Let u = -8 + 20. Let j be (-1 - -3) + -1 + 45. Suppose 3*g = g + j. Calculate the remainder when g is divided by u.
11
Suppose 3*z - 4*z - 2*w = 0, 4*z + w = -21. Let u = 10 + z. Let v(q) = 5*q + 1. What is the remainder when v(1) is divided by u?
2
Let q be 0 - (0 - 1 - 0). Let w(p) = -5*p - 3. Calculate the remainder when 1 - q/((-2)/66) is divided by w(-3).
10
What is the remainder when (-18)/12*(1 + 79/(-3)) is divided by 8?
6
Let r(p) = p**2 + 2*p + 2. Suppose -2*w + 4*q = -56, -78 = -2*w - 4*q - 22. What is the remainder when w is divided by r(-4)?
8
Suppose 12*x = 852 - 216. What is the remainder when 264 is divided by x?
52
Suppose 4*z = r + 4*r - 230, 0 = 5*r + 3*z - 230. Suppose -3*l - 13 + 70 = 0. What is the remainder when r is divided by (1 - 6) + 2 + l?
14
Let t(y) = 5*y - 13. What is the remainder when 51 is divided by t(8)?
24
Let g = 18 - 4. Suppose 0 = -5*m + l + 261, -4*m - 2*l + 84 + 136 = 0. What is the remainder when m is divided by g?
11
Suppose -3*u - 5*i - 94 - 61 = 0, -3*u = 2*i + 152. Let k = u + 71. What is the remainder when k is divided by ((-5)/(-15))/(-1)*(-34 - -1)?
10
Suppose 5*v - 16 = -y, 5*y + 0*v - 4*v - 80 = 0. Suppose 16*u + 49 = 145. Calculate the remainder when y is divided by u.
4
Let t be 2/(-5) - (-526)/(-10). Let b = -11 - t. Calculate the remainder when b is divided by 22.
20
What is the remainder when (-26)/(-2) + (3 - 2) is divided by 8?
6
Let k(i) = 16*i. Let l be k(1). Suppose -20 = -5*v, r - 7 - l = -4*v. Calculate the remainder when 27 is divided by r.
6
Let d(t) = -2*t + 4. Calculate the remainder when -3*(532/(-35) + 4/(-30)) is divided by d(-6).
14
Suppose 0 = 4*w - 9*w + 290. What is the remainder when w is divided by 30?
28
Suppose -3*n + 186 = h, -3 = n - 7. Suppose 2*c + h = -4*k + 8*k, 5*k - 200 = -c. Calculate the remainder when k is divided by 11.
8
Let h = -10 - -14. Suppose 3*y - 4 - 7 = -c, 5*c + 2 = h*y. Calculate the remainder when 3 is divided by y.
0
Suppose -4*f + f - d + 42 = 0, 3*f = 5*d + 24. Calculate the remainder when 63 is divided by f.
11
Let n = -70 - -93. Suppose -3*r - 2 = -41. Let b = r + 0. Calculate the remainder when n is divided by b.
10
Let u = -3 - 1. What is the remainder when ((-88)/(-12))/(u/(-6)) is divided by 4 + 0/(3 - 2)?
3
Let r = 129 + -92. Suppose -4*l - u - 220 = 0, 4*u - u = -12. Calculate the remainder when r is divided by 1/(-2) + l/(-4).
11
Let i(m) be the second derivative of -2*m**3/3 + 3*m**2/2 - 6*m. What is the remainder when 21 is divided by i(-2)?
10
Let f = 50 + -17. Calculate the remainder when f is divided by 6.
3
Suppose 0*f = 2*f - 12. Suppose 155 = -y + f*y. Suppose -h + 0 + 11 = 0. What is the remainder when y is divided by h?
9
Let g(o) = -10*o - 4. Calculate the remainder when 9 is divided by g(-1).
3
Let b = 102 + -85. What is the remainder when 33 is divided by b?
16
Let v = -14 - -20. Calculate the remainder when 16 is divided by (-6)/(-5)*45/v.
7
Let z = -41 - -60. What is the remainder when z is divided by (-9 + 10)/(1/7)?
5
Let a = -9 + 9. Suppose 2*z - 8 = 0, a*t + 192 = 4*t + z. Suppose 42 = 3*n - 3*w, -5*n - 2*w = -0*w - 84. What is the remainder when t is divided by n?
15
Suppose -2*v + 7*v = 0. Suppose -5*f - 2*i + 62 = v, -4*f + 0*i + 50 = 2*i. Calculate the remainder when f is divided by 7.
5
Let b(o) = o**3 + 2*o**2 + 2. Let w = 2 - 4. Let f be b(w). Suppose -2*r + f*m = -86, -47 = -r + 2*m + 3*m. Calculate the remainder when r is divided by 22.
20
What is the remainder when 38/(-4)*(-1 + -3) is divided by 39/6 + (-35)/(-10)?
8
Suppose 30 = g - 4*g. Let q(i) = i**3 + 10*i**2 + 4*i + 7. Let w be q(g). Let p = -20 - w. Calculate the remainder when p is divided by 5.
3
Let f(b) = 7*b**2 - 3 - 5*b**3 + 4*b**3 - 5*b - 3. Let w be f(6). What is the remainder when (-48)/3*(-1 - w) is divided by 9?
7
Let j(c) = -c + 6. Let f(q) = q - 3. Let t(b) = 11*f(b) + 6*j(b). Let o = 32 + -26. Calculate the remainder when t(4) is divided by o.
5
Suppose -4*h = -0*h, 5*h = 5*i - 30. Suppose -a - i = 3*q + 2, 3*a + q = 16. What is the remainder when 27 is divided by a?
6
Suppose n + 1 - 7 = 0. Let q = -4 + n. Suppose 27 = 5*p - q*p. What is the remainder when 16 is divided by p?
7
Suppose 0 = d + 2*d - 24. Calculate the remainder when 30 is divided by d.
6
Suppose -5*g + 106 = y, -3*g - 186 = -2*y - 0*y. What is the remainder when y is divided by 14?
12
Suppose -2*t - 2 = -3*z, -5*z + z - 3*t = -14. Suppose 0 = z*d + 2*d - 24. Calculate the remainder when 37 is divided by 80/6 + (-2)/d.
11
Suppose -4*w = w - 20. Suppose 0 = -0*l - w*l + 124. What is the remainder when l is divided by 8?
7
Suppose 5*v - 16 - 139 = 0. Calculate the remainder when v is divided by 16.
15
Suppose -y = -6*y - 5*z + 75, -5*y = -2*z - 68. What is the remainder when (28 - (3 - 1))*1 is divided by y?
12
Let s(l) = l**3 - l + 2. Calculate the remainder when s(2) is divided by 5.
3
Let a be ((-56)/(-6))/((-2)/(-3)). Suppose a = 2*x - 5*r - 68, 5*r = 10. Calculate the remainder when x is divided by 24.
22
Let f(i) = -i**2 + 2*i + 3. Let z be f(3). Suppose -186 = -3*v - z*v. What is the remainder when v is divided by 21?
20
Let k(f) = -f**3 + 10*f**2 - 8*f - 5. What is the remainder when k(8) is divided by 15?
14
Let i = 446 + -274. Calculate the remainder when i is divided by 25.
22
Suppose m + 3*m = -5*o + 36, 20 = 5*o. Calculate the remainder when 19 is divided by m.
3
Let q(n) = -4*n + 13. Suppose -z = 3*z - 48. What is the remainder when q(-5) is divided by z?
9
Suppose -3*x - 14 - 1 = -3*z, 24 = 4*z - 5*x. Calculate the remainder when 68/(-2)*z/(-2) is divided by 9.
8
Suppose 4*w = 2*r + 114, 0 = -3*w + 3*r - 15 + 105. Calculate the remainder when w is divided by 10.
7
Suppose 113 = 4*h + 37. Calculate the remainder when 72 is divided by h.
15
Let k = -34 + 138. Calculate the remainder when k is divided by 27.
23
Calculate the remainder when 2/15 - 883/(-15) is divided by 20.
19
Let j be 2/(-1 + 6/3). Let x = j - -22. Calculate the remainder when x is divided by 13.
11
Let r be (-1 - 2) + 2 + -1. Let y(h) be the third derivative of -h**4/6 - h**3/2 + 2*h**2. What is the remainder when 8 is divided by y(r)?
3
Suppose m + 396 = 3*h, -h + 3*m + 62 = -62. What is the remainder when h is divided by 17?
14
Suppose -5*f = 5*c - f - 268, 3*c = -f + 158. Let r = -38 - -56. What is the remainder when c is divided by r?
16
Suppose -29 = -2*z + 3*l, 6*z - z = -4*l + 38. Let m = 9 - 7. Suppose m*v + 0*v - 38 = 0. Calculate the remainder when v is divided by z.
9
Let m = 5 - 0. Let f(y) = 4*y**2 + y - 5. Let b be f(m). Suppose 5*x - b = 3*u, -4*x = u - 81 + 18. Calculate the remainder when x is divided by 10.
7
Suppose -5*l + 28 = -l. Let a(h) = h + 2. Let d be a(l). What is the remainder when 4 is divi